 = 4*o + v, o - v - 5 = 0. Give l(o).
8
Let y(i) = i**2 - 2*i + 4. Let h(w) = -w**3 - 12*w**2 + 11*w - 6. Let o be h(-13). Suppose f + 4*f - o = 0. Give y(f).
12
Suppose 5*g + 0*c - c = -42, 4*c = -5*g - 57. Let t(i) = i + 15. What is t(g)?
6
Let x(y) = -6*y - 232*y**3 + 7*y**2 + 76*y**3 + 78*y**3 - 5 + 77*y**3. Let d be ((-10)/(-6))/(2/6). What is x(d)?
15
Let n(c) = 6*c**3 - 7*c**2 - 10*c - 2. Let i(a) = 7*a**3 - 8*a**2 - 11*a - 3. Let t(p) = -5*i(p) + 6*n(p). Let l be ((-63)/(-7))/(-3) - 7/(-1). Determine t(l).
15
Let a = -7 - -9. Let g be (a/10)/(2/10). Let m(d) = -g - d + 2 - 4 + 1. What is m(-5)?
3
Let v(d) = 1123*d - 560*d + d**3 + 5*d**2 + 9 - 569*d. What is v(-7)?
-47
Let d(j) = 3*j**2. Let h be 1 - 1*(-12)/(-6). Calculate d(h).
3
Let p(w) be the first derivative of 10*w**3/3 + 2*w**2 + 3*w - 218. Determine p(-2).
35
Let w(a) be the second derivative of a**3/6 + 6*a**2 - 45*a. Calculate w(-8).
4
Let r be (-2 - -16)*(2 - 3). Let n = r + 16. Let c(t) = 6 + t**n + 3 - 13. Give c(0).
-4
Let d(p) = p**2 - 2*p + 4. Let h be d(0). Let i(t) = 8*t**2 + t + h*t**2 - 4*t. Let f(s) = 61*s**2 - 16*s. Let j(m) = -2*f(m) + 11*i(m). Determine j(1).
9
Let o(c) = 6*c + 8. Let n(g) = -7*g - 9. Let j(t) = -5*n(t) - 6*o(t). Calculate j(11).
-14
Let h = 14 + -8. Let k(j) = -3*j**3 + 2*j**2 + j. Let m(q) = -10*q**3 + 4*q**2 + 3*q - 1. Let t(u) = -7*k(u) + 2*m(u). Calculate t(h).
-8
Let r(h) = -5*h + 88. Let w be r(17). Let q(i) be the second derivative of 0 - 4*i - 1/3*i**w - i**2. Give q(5).
-12
Let r = 2 - 5. Let w(f) be the first derivative of f**2 + 2*f - 69. Give w(r).
-4
Let z = 40 - 36. Let q be (3 - 0 - z)*7. Let p(c) = -c**3 - 7*c**2 - 2*c + 3. Give p(q).
17
Let z be 6/(-15) + 22/5. Suppose 4*j - 31 = 5*t, z*j - t - 10 = 9. Let c(f) = f - 6. Calculate c(j).
-2
Let s(l) = -l**3 - 7*l**2 + 2*l + 6. Let f(h) = -h**2 + 15*h + 19. Let v be f(15). Let i = 2 + v. Suppose 10*m = 7*m - i. Calculate s(m).
-8
Let l(w) = -w**2 - 7*w. Let b be (-76)/10 - 114/(-190). Calculate l(b).
0
Let r(u) = -5*u**3 + 30*u**2 - 16*u - 27. Let h(i) = -3*i**3 + 16*i**2 - 8*i - 15. Let d(f) = 7*h(f) - 4*r(f). Give d(-9).
12
Let o(i) = 5 + 2 + 4*i - 3*i**2 + 5*i**2 - 8. What is o(-4)?
15
Let c(x) = -15*x**3 + 13*x**2 - 15*x - 3. Suppose -5*f - 7 = -17. Let p(m) = -m**3 - 6*m**f + 8*m + 8*m**3 - m + 1. Let k(b) = 6*c(b) + 13*p(b). Determine k(0).
-5
Let m(j) be the first derivative of j**3/6 - j**2/2 - 8*j + 34. Let i(f) be the first derivative of m(f). Calculate i(-4).
-5
Let d(a) = -a - 1. Let l(z) = 4*z + 26. Let s(j) = 5*d(j) + l(j). Give s(13).
8
Let t be 4/6 - 102/(-9). Let n = 16 - t. Suppose -f + a - 3 + 4 = 0, -n*f = -a - 16. Let d(q) = -q**3 + 6*q**2 - 8*q + 4. Give d(f).
-11
Let r(b) = b**2 + 3*b. Suppose -2*h + 219 = 67. Suppose 5*a - n = 83, -h = -4*a + 3*n + n. Suppose 0 = z + 3*y + a, -y = -z - 3*z - 12. What is r(z)?
4
Let l(n) be the third derivative of 1/120*n**6 - 3/20*n**5 + 0 + 7/3*n**3 + 27*n**2 + 0*n - 11/24*n**4. Determine l(10).
4
Let z(x) = -x**2 - 11*x + 13. Let f(g) = -g**3 + 21*g**2 - g + 10. Let w be f(21). Give z(w).
13
Let w be -2 + 1 + -1 - 35. Let d = w + 35. Let u be d - -1 - (-3 + 6). Let k(a) = a**3 + 6*a**2 + 4*a + 2. Determine k(u).
18
Let g(j) = -4*j + 3. Let a = 58 - 54. Suppose -11*v + 14 = -a*v. What is g(v)?
-5
Let i be (-1 - -2)/(1 - 2). Let o(x) be the second derivative of 11*x**7/840 + x**3/6 - 7*x**2/2 + x. Let f(j) be the second derivative of o(j). Determine f(i).
-11
Let z = -426 - -428. Let o(t) be the second derivative of 1/12*t**4 + 7/6*t**3 + 2*t**z + 0 + 9*t. Determine o(-3).
-8
Let n be (1 + 2)/(-2 - 40/(-32)). Let g(p) = p**2 + 6*p + 7. Calculate g(n).
-1
Let j(q) = -q**3 + 2*q**2 + 2*q. Let f(i) = 5*i**3 - 15*i**2 - 10*i - 1. Let m(v) = -f(v) - 6*j(v). Let a(n) = n**2 + 4*n. Let r be a(-2). Calculate m(r).
-7
Let k(o) = o**2 + 2. Let i(b) = 20*b - 219. Let u be i(11). What is k(u)?
3
Let q(i) = 4*i**2 - 4*i + 3. Let t(z) = -z**2 - 1. Suppose -f - f = 2. Let n(p) = f*q(p) - 6*t(p). Determine n(-2).
3
Let r(z) be the first derivative of 2*z**2 - 12*z + 92. Calculate r(5).
8
Suppose -5*f - 26 = -4*s, 0*f + 33 = -5*f - 3*s. Let r be (14/(-12) - -1) + 23/f. Let g(m) = -m**3 - 3*m**2 + 5*m + 1. Determine g(r).
-3
Let n(j) = -2709*j + 1356*j + 1354*j + 3 - 3 - 7. Determine n(-2).
-9
Let q(n) be the first derivative of 2*n**3/3 - n**2/2 - 2. Let y be q(1). Let i(r) = 5*r - 2*r - 3*r + 4*r. Give i(y).
4
Let y(v) = v**3 - 4*v**2 - v. Suppose -4*q - k = -17, 2*q + 2 = -3*k + 13. What is y(q)?
-4
Let z be (-4 - 1)*(-99)/15. Let b = -35 + z. Let r(t) = 19*t**2 + 7*t - 3. Let v(m) = 9*m**2 + 3*m - 1. Let s(d) = b*r(d) + 5*v(d). Calculate s(-1).
7
Let p(s) = s**3 + 7*s**2 + 9*s + 4. Let q be p(-6). Let i(h) = -h**2 - 17*h - 34. Calculate i(q).
8
Let m be (-42)/7*((-20)/(-3))/5. Let b(d) = d**2 + 8*d - 5. Calculate b(m).
-5
Let t = 277 + -291. Let i(u) = -u**3 - 13*u**2 + 17*u + 37. Calculate i(t).
-5
Let c(f) be the first derivative of 1/2*f**2 - 5*f - 5/3*f**3 + 1/4*f**4 - 24. Calculate c(5).
0
Let p(v) be the third derivative of -v**4/8 + 2*v**3/3 + v**2 - 17*v. Give p(4).
-8
Let r(p) = -p**3 - 5*p**2 - p + 1. Let q be (-2)/12*3*-18. Let c be (-32)/3*q/4. Let n be (c/(-9))/(8/(-12)). Calculate r(n).
-11
Let n(c) be the third derivative of -c**6/120 - c**5/30 - c**4/24 - 2*c**2. Let g be 0*(-4)/(-3 - 1). Let t be ((-9)/(-9))/(g - 1). Give n(t).
0
Let m(k) = 8 - 2*k**2 - 5*k + 14*k**2 - k**3 + 2*k**3 - 6*k**2. What is m(-7)?
-6
Let h(i) be the second derivative of 3*i + 7/24*i**4 - 7/6*i**3 + 0 + 1/60*i**5 - 5/2*i**2. Let t(k) be the first derivative of h(k). What is t(-6)?
-13
Let s be (-3)/4 - ((-7)/4)/(-7). Let d(n) = 6*n**3 - n. Calculate d(s).
-5
Let o(y) be the first derivative of 1/4*y**4 + 8*y - 5/3*y**3 - 5/2*y**2 - 15. What is o(6)?
14
Let b(y) = -y**2 + 32*y - 3*y**2 - 31*y - 1. Let n be 8/(-3) + (-8)/(-12). Give b(n).
-19
Let v(j) = -11*j**3 + 14*j**2 - 18*j - 11. Let u(f) = -16*f**3 + 20*f**2 - 25*f - 16. Let m(a) = 5*u(a) - 7*v(a). What is m(1)?
-3
Let f(a) be the first derivative of -7*a**4/12 + a**3/6 - a**2/2 - 8. Let w(p) be the second derivative of f(p). Suppose 3 = -3*g - 0*g. What is w(g)?
15
Let n(h) be the third derivative of 0*h - 37*h**2 - 1/6*h**3 + 1/120*h**6 - 1/24*h**4 - 1/10*h**5 + 0. Give n(6).
-7
Let q(g) = -g - 5. Let z = -818 + 825. Calculate q(z).
-12
Suppose 5*h + 48 = 10*n - 7*n, -2*n = 4*h + 34. Let y(a) = -2*a - 24. Determine y(h).
-6
Let v(q) = q**3 - 6*q**2 + 14*q - 26. Let l be v(4). Let c(d) = 2*d - 2. What is c(l)?
-6
Let j = 3321/20 + -166. Let o(z) be the second derivative of 0*z**4 + 0 + 0*z**3 - z + 1/2*z**2 + j*z**5. Give o(0).
1
Suppose -4*d + 3 + 17 = 0. Let n(z) = -2*z - 3. Let p be n(-2). Let l(i) = 14*i + 15*i - 27*i + p. Give l(d).
11
Let n(r) = -r**3 - 5*r**2 - 2*r + 3. Suppose 12 = 9*g - 13*g. Calculate n(g).
-9
Let h be (-1)/(-3)*(160/(-16) - -10). Let s(l) = l**2 - 2*l - 8. Calculate s(h).
-8
Let p = 71 + -68. Let r(s) = -s**3 + 3*s**2 + 1. What is r(p)?
1
Let x(s) = 3*s**2 - 3*s - 4. Let u(j) = 261*j - 1301. Let g be u(5). Give x(g).
32
Let j be (18/(-10))/(-1 - 49/(-70)). Suppose -4*x - m = 20, 2*x - 5*m = -m - 28. Let i(q) = 6*q - 5. Let a(h) = -5*h + 4. Let p(v) = x*i(v) - 7*a(v). Give p(j).
-4
Let i(w) = -2*w - 8*w + 5*w. Let v = 1016 - 1017. Determine i(v).
5
Let i be 4*(0 + (-9)/(-6)). Suppose -s + i*s = 30. Let p(d) = 3*d - 5 + 3 + 0. Give p(s).
16
Let h(v) = v**3 - 10*v**2 + 9*v + 2. Suppose 0 = 3*b - 3*z - 27, -5*b = z - 11 - 4. Suppose a + 0*a - b*r - 5 = 0, -a + 3*r = -6. Give h(a).
2
Let h = -35 + 53. Let o = -16 + h. Let z(y) = 3*y - y + y**3 - 3*y**o - 19 + 17. Give z(3).
4
Let z(h) = h**3 + 5*h**2 - 8*h - 7. Let s = -60 - -57. Let x be (6/5)/(s - 28/(-10)). Determine z(x).
5
Let c(b) = b**3 - b**2 - 2*b + 1. Suppose -2*d + 8 = 0, -2*j = -6*d + 2*d + 24. Let q be 320/144 - j/(-18) - 1. Determine c(q).
-1
Let r(f) = -5*f + 5. Let g(c) = -c**3 - 5*c**2 + 35*c - 7. Let b be g(-9). Calculate r(b).
-5
Let s(f) = -f**2 + 2*f. Let g be s(2). Let x be (0 + -16)/4 + g. Let q(v) = 2*v + 6. Let y(w) = 3*w + 9. Let h(z) = 8*q(z) - 5*y(z). What is h(x)?
-1
Let l(s) = -s**3 + 6*s**2 + 8*s - 7. Suppose 2 = -i + 4. Suppose -f + 16 = i*f - 5*y, f = -5*y + 12. Give l(f).
0
Let 